{"id":1225,"date":"2017-11-15T11:15:19","date_gmt":"2017-11-15T11:15:19","guid":{"rendered":"https:\/\/radiustheme.com\/demo\/wordpress\/eikra\/?page_id=1225"},"modified":"2026-01-22T11:26:59","modified_gmt":"2026-01-22T11:26:59","slug":"research-about-us-1","status":"publish","type":"page","link":"http:\/\/nszvk.hu\/?page_id=1225","title":{"rendered":"Bemutatkoz\u00e1s"},"content":{"rendered":"<p>[vc_row css=&#8221;.vc_custom_1510748400939{padding-bottom: 65px !important;}&#8221;][vc_column][vc_column_text]<\/p>\n<h2 style=\"text-align: center; margin-bottom: 60px;\"><span style=\"color: #002147;\">Tisztelt \u00c9rdekl\u0151d\u0151k! Kedves Koll\u00e9g\u00e1k!<\/span><\/h2>\n<p style=\"text-align: justify;\">A szakk\u00e9pz\u00e9sr\u0151l sz\u00f3l\u00f3 2019. \u00e9vi LXXX. t\u00f6rv\u00e9ny 14 \u00a7-a (tov\u00e1bbiakban Szkt.) \u00e9rtelm\u00e9ben vizsgak\u00f6zpontunk <strong>2021. m\u00e1jus 1-j\u00e9n j\u00f6tt l\u00e9tre<\/strong> a Nagykanizsai Szakk\u00e9pz\u00e9si Centrum szervezeti egys\u00e9gek\u00e9nt. Feladatait munkaszervezet\u00e9nek fel\u00e1ll\u00edt\u00e1s\u00e1val, az MSZ EN ISO\/IEC 17024:2013 szabv\u00e1nyban r\u00f6gz\u00edtett \u00e9s a kapcsol\u00f3d\u00f3 normat\u00edv rendszer k\u00f6vetelm\u00e9nyek, az akkredit\u00e1l\u00f3 rendszerek saj\u00e1toss\u00e1gainak tanulm\u00e1nyoz\u00e1s\u00e1val, a vonatkoz\u00f3 jogszab\u00e1lyok \u00e9s a kapcsol\u00f3d\u00f3 dokumentumok elk\u00e9sz\u00edt\u00e9s\u00e9vel kezdte.<\/p>\n<p style=\"text-align: justify;\">A Nagykanizsai SZC 2021. \u00e1prilis 12-\u00e9n miniszteri t\u00e1mogat\u00f3 nyilatkozatot kapott 44 KEOR (K\u00e9pz\u00e9si Ter\u00fcletek Egys\u00e9ges Oszt\u00e1lyoz\u00e1si Rendszere) eset\u00e9ben, ebb\u0151l 30 db k\u00e9pz\u00e9si ter\u00fcletre \u2013 270 szakma, szakk\u00e9pes\u00edt\u00e9s \u2013 \u00a0adtuk be 2021. november 9-\u00e9n akkredit\u00e1ci\u00f3s k\u00e9relm\u00fcnket.<\/p>\n<p style=\"text-align: justify;\">2021 j\u00fanius\u00e1ban \u00edrtuk ki p\u00e1ly\u00e1zatainkat <strong>Vizsg\u00e1ztat\u00f3i \u00e9s Jegyz\u0151i feladatok<\/strong> ell\u00e1t\u00e1s\u00e1ra, melyek beny\u00fajt\u00e1sa \u00e9s elb\u00edr\u00e1l\u00e1sa folyamatos.<\/p>\n<p style=\"text-align: justify;\">A szakk\u00e9pz\u00e9sr\u0151l sz\u00f3l\u00f3 t\u00f6rv\u00e9ny v\u00e9grehajt\u00e1s\u00e1r\u00f3l sz\u00f3l\u00f3 12\/2020. (II. 7.) Korm. rendelet (a tov\u00e1bbiakban: Szkr.) 272. \u00a7 (1) &#8211; (3) bekezd\u00e9se \u00e9rtelm\u00e9ben a vizsgabizotts\u00e1g a k\u00f6vetkez\u0151 tagokb\u00f3l \u00e1ll:<\/p>\n<ul style=\"padding-left: 40px;\">\n<li>vizsgabizotts\u00e1g m\u00e9r\u00e9si feladatot ell\u00e1t\u00f3 tag (a vizsg\u00e1z\u00f3 tud\u00e1s\u00e1nak felm\u00e9r\u00e9s\u00e9t v\u00e9gzi),<\/li>\n<li>vizsgabizotts\u00e1g ellen\u0151rz\u00e9si feladatot ell\u00e1t\u00f3 tag (vizsgafel\u00fcgyel\u0151, felel a szakmai vizsga szab\u00e1lyszer\u0171s\u00e9g\u00e9\u00e9rt, Kamara deleg\u00e1l\u00e1s\u00e1nak hi\u00e1ny\u00e1ban ker\u00fcl megb\u00edz\u00e1sra),<\/li>\n<li>vizsgabizotts\u00e1g \u00e9rt\u00e9kel\u00e9si feladatot ell\u00e1t\u00f3 tag (min\u0151s\u00edti a vizsg\u00e1z\u00f3 teljes\u00edtm\u00e9ny\u00e9t).<\/li>\n<\/ul>\n<p style=\"text-align: justify;\">Jegyz\u0151 feladatai:<\/p>\n<ul style=\"padding-left: 40px;\">\n<li>vezeti a vizsgajegyz\u0151k\u00f6nyvet,<\/li>\n<li>\u00f6sszes\u00edti a szakmai vizsga r\u00e9szeredm\u00e9nyeit,<\/li>\n<li>kit\u00f6lti \u00e9s vezeti a vizsgat\u00f6rzslapot,<\/li>\n<li>kit\u00f6lti az oklevelet, illetve a szakmai bizony\u00edtv\u00e1nyt,<\/li>\n<li>elv\u00e9gzi a szakmai vizsg\u00e1val kapcsolatos egy\u00e9b adminisztrat\u00edv teend\u0151ket,<\/li>\n<li>felel\u0151s a vizsgat\u00f6rzslap \u00e9s az oklev\u00e9l, illetve a szakmai bizony\u00edtv\u00e1ny adatainak \u00f6sszeolvas\u00e1s\u00e1\u00e9rt, egyez\u00e9s\u00e9\u00e9rt,<\/li>\n<li>gondoskodik a szakmai vizsga lez\u00e1r\u00e1s\u00e1t k\u00f6vet\u0151en a szakmai vizsga dokumentumainak a vizsgabizotts\u00e1g \u00e1ltal t\u00f6rt\u00e9n\u0151 hiteles\u00edt\u00e9s\u00e9r\u0151l, valamint<\/li>\n<li>gondoskodik a szakmai vizsga lez\u00e1r\u00e1s\u00e1t k\u00f6vet\u0151en az elektronikus adatszolg\u00e1ltat\u00e1si k\u00f6telezetts\u00e9g teljes\u00edt\u00e9s\u00e9r\u0151l (Szkr. 274. \u00a7).<\/li>\n<\/ul>\n<p style=\"text-align: justify;\">2021 szeptember\u00e9ben tov\u00e1bbi p\u00e1ly\u00e1zati ki\u00edr\u00e1s t\u00f6rt\u00e9nt <strong>Szak\u00e9rt\u0151i feladatok<\/strong> ell\u00e1t\u00e1s\u00e1ra:<\/p>\n<ul style=\"padding-left: 40px;\">\n<li>Projektfeladatot k\u00e9sz\u00edt\u0151 szak\u00e9rt\u0151 szakmai \u00e9s k\u00e9pes\u00edt\u0151 vizsg\u00e1khoz a K\u00e9pz\u00e9si \u00e9s Kimeneti K\u00f6vetelm\u00e9nyeknek \u00e9s a Programk\u00f6vetelm\u00e9nyeknek megfelel\u0151en.<\/li>\n<li>\u00cdr\u00e1sbeli feladatot k\u00e9sz\u00edt\u0151 szak\u00e9rt\u0151 k\u00e9pes\u00edt\u0151 vizsg\u00e1khoz Programk\u00f6vetelm\u00e9nyeknek megfelel\u0151en.<\/li>\n<li>Projektfeladatot v\u00e9lem\u00e9nyez\u0151 szak\u00e9rt\u0151 szakmai \u00e9s k\u00e9pes\u00edt\u0151 vizsg\u00e1khoz.<\/li>\n<li>\u00cdr\u00e1sbeli feladatot v\u00e9lem\u00e9nyez\u0151 szak\u00e9rt\u0151 k\u00e9pes\u00edt\u0151 vizsg\u00e1khoz.<\/li>\n<\/ul>\n<p style=\"text-align: justify;\">Fenti ki\u00edr\u00e1sokra t\u00f6bb, mint 300 f\u0151 (vizsg\u00e1ztat\u00f3, jegyz\u0151, szak\u00e9rt\u0151) adta be p\u00e1ly\u00e1zat\u00e1t, valamint t\u00f6bb, mint 50 c\u00e9ggel, int\u00e9zm\u00e9nnyel k\u00f6t\u00f6tt\u00fcnk meg\u00e1llapod\u00e1st a vizsg\u00e1k lebonyol\u00edt\u00e1s\u00e1ra.<\/p>\n<p style=\"text-align: justify;\">2022. janu\u00e1r 10 \u2013 14 k\u00f6z\u00f6tt a Nemzeti Akkredit\u00e1l\u00f3 Hat\u00f3s\u00e1g 3 napos helysz\u00edni szeml\u00e9t tartott, melyen a szem\u00e9lyi- \u00e9s t\u00e1rgyi felt\u00e9teleket, illetve a min\u0151s\u00e9gir\u00e1ny\u00edt\u00e1si dokumentumokat ellen\u0151rizte. Az ott k\u00e9sz\u00fclt jegyz\u0151k\u00f6nyv alapj\u00e1n nem-megfelel\u0151s\u00e9g meg\u00e1llap\u00edt\u00e1s\u00e1ra nem ker\u00fclt sor, \u00edgy a hat\u00f3s\u00e1g a Nagykanizsai Szakmai Vizsgak\u00f6zpontot Zala megy\u00e9ben els\u0151k\u00e9nt a NAH-12-0031\/2021-es sz\u00e1mon szem\u00e9lytan\u00fas\u00edt\u00f3 szervezetk\u00e9nt nyilv\u00e1ntart\u00e1sba vette.<\/p>\n<p style=\"text-align: justify;\">Szeretn\u00e9nk Nagykanizs\u00e1n, min\u00e9l sz\u00e9lesebb k\u00f6rben biztos\u00edtani a szakmai v\u00e9gzetts\u00e9g \u00e9s szakk\u00e9pes\u00edt\u00e9s megszerz\u00e9s\u00e9nek lehet\u0151s\u00e9g\u00e9t.<\/p>\n<p style=\"text-align: justify;\">Vizsgak\u00f6zpontunk biztos\u00edtja, hogy a szem\u00e9lyek tan\u00fas\u00edt\u00e1s\u00e1val, a p\u00e1rtatlans\u00e1g, a f\u00fcggetlens\u00e9g \u00e9s a vizsg\u00e1ztat\u00e1ssal kapcsolatos ir\u00e1nyelvek \u00e9s elj\u00e1r\u00e1sok tisztess\u00e9gesek legyenek minden jelentkez\u0151, jel\u00f6lt, vizsg\u00e1zott szem\u00e9ly \u00e9s vizsg\u00e1ztat\u00e1sban r\u00e9sztvev\u0151, k\u00f6zrem\u0171k\u00f6d\u0151 eset\u00e9ben.<\/p>\n<p>&nbsp;<\/p>\n<p style=\"text-align: center;\">Rem\u00e9lj\u00fck, r\u00f6videsen tal\u00e1lkozunk!<\/p>\n<p style=\"text-align: center;\">K\u00e9rd\u00e9seikkel b\u00e1tran forduljanak hozz\u00e1nk el\u00e9rhet\u0151s\u00e9geink egyik\u00e9n!<\/p>\n<p style=\"text-align: right; margin-top: 60px;\"><strong><em>\u00dcdv\u00f6zlettel:<\/em><\/strong><\/p>\n<p style=\"text-align: right; margin-top: -15px;\"><strong><em>Dr. Moln\u00e1r Zolt\u00e1n<\/em><\/strong><\/p>\n<p style=\"text-align: right; margin-top: -25px;\"><em>vizsgak\u00f6zpont-vezet\u0151 <\/em><\/p>\n<p>[\/vc_column_text][\/vc_column][\/vc_row]<\/p>\n","protected":false},"excerpt":{"rendered":"<p>[vc_row css=&#8221;.vc_custom_1510748400939{padding-bottom: 65px !important;}&#8221;][vc_column][vc_column_text] Tisztelt \u00c9rdekl\u0151d\u0151k! Kedves Koll\u00e9g\u00e1k! A szakk\u00e9pz\u00e9sr\u0151l sz\u00f3l\u00f3 2019. \u00e9vi LXXX. t\u00f6rv\u00e9ny 14 \u00a7-a (tov\u00e1bbiakban Szkt.) \u00e9rtelm\u00e9ben vizsgak\u00f6zpontunk 2021. m\u00e1jus 1-j\u00e9n j\u00f6tt l\u00e9tre a Nagykanizsai Szakk\u00e9pz\u00e9si Centrum szervezeti egys\u00e9gek\u00e9nt. Feladatait munkaszervezet\u00e9nek fel\u00e1ll\u00edt\u00e1s\u00e1val, az MSZ EN ISO\/IEC 17024:2013 szabv\u00e1nyban r\u00f6gz\u00edtett \u00e9s a kapcsol\u00f3d\u00f3 normat\u00edv rendszer k\u00f6vetelm\u00e9nyek, az akkredit\u00e1l\u00f3 rendszerek saj\u00e1toss\u00e1gainak tanulm\u00e1nyoz\u00e1s\u00e1val, a vonatkoz\u00f3 [&hellip;]<\/p>\n","protected":false},"author":1,"featured_media":0,"parent":0,"menu_order":0,"comment_status":"closed","ping_status":"closed","template":"","meta":[],"_links":{"self":[{"href":"http:\/\/nszvk.hu\/index.php?rest_route=\/wp\/v2\/pages\/1225"}],"collection":[{"href":"http:\/\/nszvk.hu\/index.php?rest_route=\/wp\/v2\/pages"}],"about":[{"href":"http:\/\/nszvk.hu\/index.php?rest_route=\/wp\/v2\/types\/page"}],"author":[{"embeddable":true,"href":"http:\/\/nszvk.hu\/index.php?rest_route=\/wp\/v2\/users\/1"}],"replies":[{"embeddable":true,"href":"http:\/\/nszvk.hu\/index.php?rest_route=%2Fwp%2Fv2%2Fcomments&post=1225"}],"version-history":[{"count":17,"href":"http:\/\/nszvk.hu\/index.php?rest_route=\/wp\/v2\/pages\/1225\/revisions"}],"predecessor-version":[{"id":4159,"href":"http:\/\/nszvk.hu\/index.php?rest_route=\/wp\/v2\/pages\/1225\/revisions\/4159"}],"wp:attachment":[{"href":"http:\/\/nszvk.hu\/index.php?rest_route=%2Fwp%2Fv2%2Fmedia&parent=1225"}],"curies":[{"name":"wp","href":"https:\/\/api.w.org\/{rel}","templated":true}]}}

Bemutatkozás

<p>[vc_row css=&#8221;.vc_custom_1510748400939{padding-bottom: 65px !important;}&#8221;][vc_column][vc_column_text]</p>
<h2 style="text-align: center; margin-bottom: 60px;"><span style="color: #002147;">Tisztelt Érdeklődők! Kedves Kollégák!</span></h2>
<p style="text-align: justify;">A szakképzésről szóló 2019. évi LXXX. törvény 14 §-a (továbbiakban Szkt.) értelmében vizsgaközpontunk <strong>2021. május 1-jén jött létre</strong> a Nagykanizsai Szakképzési Centrum szervezeti egységeként. Feladatait munkaszervezetének felállításával, az MSZ EN ISO/IEC 17024:2013 szabványban rögzített és a kapcsolódó normatív rendszer követelmények, az akkreditáló rendszerek sajátosságainak tanulmányozásával, a vonatkozó jogszabályok és a kapcsolódó dokumentumok elkészítésével kezdte.</p>
<p style="text-align: justify;">A Nagykanizsai SZC 2021. április 12-én miniszteri támogató nyilatkozatot kapott 44 KEOR (Képzési Területek Egységes Osztályozási Rendszere) esetében, ebből 30 db képzési területre – 270 szakma, szakképesítés –  adtuk be 2021. november 9-én akkreditációs kérelmünket.</p>
<p style="text-align: justify;">2021 júniusában írtuk ki pályázatainkat <strong>Vizsgáztatói és Jegyzői feladatok</strong> ellátására, melyek benyújtása és elbírálása folyamatos.</p>
<p style="text-align: justify;">A szakképzésről szóló törvény végrehajtásáról szóló 12/2020. (II. 7.) Korm. rendelet (a továbbiakban: Szkr.) 272. § (1) &#8211; (3) bekezdése értelmében a vizsgabizottság a következő tagokból áll:</p>
<ul style="padding-left: 40px;">
<li>vizsgabizottság mérési feladatot ellátó tag (a vizsgázó tudásának felmérését végzi),</li>
<li>vizsgabizottság ellenőrzési feladatot ellátó tag (vizsgafelügyelő, felel a szakmai vizsga szabályszerűségéért, Kamara delegálásának hiányában kerül megbízásra),</li>
<li>vizsgabizottság értékelési feladatot ellátó tag (minősíti a vizsgázó teljesítményét).</li>
</ul>
<p style="text-align: justify;">Jegyző feladatai:</p>
<ul style="padding-left: 40px;">
<li>vezeti a vizsgajegyzőkönyvet,</li>
<li>összesíti a szakmai vizsga részeredményeit,</li>
<li>kitölti és vezeti a vizsgatörzslapot,</li>
<li>kitölti az oklevelet, illetve a szakmai bizonyítványt,</li>
<li>elvégzi a szakmai vizsgával kapcsolatos egyéb adminisztratív teendőket,</li>
<li>felelős a vizsgatörzslap és az oklevél, illetve a szakmai bizonyítvány adatainak összeolvasásáért, egyezéséért,</li>
<li>gondoskodik a szakmai vizsga lezárását követően a szakmai vizsga dokumentumainak a vizsgabizottság által történő hitelesítéséről, valamint</li>
<li>gondoskodik a szakmai vizsga lezárását követően az elektronikus adatszolgáltatási kötelezettség teljesítéséről (Szkr. 274. §).</li>
</ul>
<p style="text-align: justify;">2021 szeptemberében további pályázati kiírás történt <strong>Szakértői feladatok</strong> ellátására:</p>
<ul style="padding-left: 40px;">
<li>Projektfeladatot készítő szakértő szakmai és képesítő vizsgákhoz a Képzési és Kimeneti Követelményeknek és a Programkövetelményeknek megfelelően.</li>
<li>Írásbeli feladatot készítő szakértő képesítő vizsgákhoz Programkövetelményeknek megfelelően.</li>
<li>Projektfeladatot véleményező szakértő szakmai és képesítő vizsgákhoz.</li>
<li>Írásbeli feladatot véleményező szakértő képesítő vizsgákhoz.</li>
</ul>
<p style="text-align: justify;">Fenti kiírásokra több, mint 300 fő (vizsgáztató, jegyző, szakértő) adta be pályázatát, valamint több, mint 50 céggel, intézménnyel kötöttünk megállapodást a vizsgák lebonyolítására.</p>
<p style="text-align: justify;">2022. január 10 – 14 között a Nemzeti Akkreditáló Hatóság 3 napos helyszíni szemlét tartott, melyen a személyi- és tárgyi feltételeket, illetve a minőségirányítási dokumentumokat ellenőrizte. Az ott készült jegyzőkönyv alapján nem-megfelelőség megállapítására nem került sor, így a hatóság a Nagykanizsai Szakmai Vizsgaközpontot Zala megyében elsőként a NAH-12-0031/2021-es számon személytanúsító szervezetként nyilvántartásba vette.</p>
<p style="text-align: justify;">Szeretnénk Nagykanizsán, minél szélesebb körben biztosítani a szakmai végzettség és szakképesítés megszerzésének lehetőségét.</p>
<p style="text-align: justify;">Vizsgaközpontunk biztosítja, hogy a személyek tanúsításával, a pártatlanság, a függetlenség és a vizsgáztatással kapcsolatos irányelvek és eljárások tisztességesek legyenek minden jelentkező, jelölt, vizsgázott személy és vizsgáztatásban résztvevő, közreműködő esetében.</p>
<p>&nbsp;</p>
<p style="text-align: center;">Reméljük, rövidesen találkozunk!</p>
<p style="text-align: center;">Kérdéseikkel bátran forduljanak hozzánk elérhetőségeink egyikén!</p>
<p style="text-align: right; margin-top: 60px;"><strong><em>Üdvözlettel:</em></strong></p>
<p style="text-align: right; margin-top: -15px;"><strong><em>Dr. Molnár Zoltán</em></strong></p>
<p style="text-align: right; margin-top: -25px;"><em>vizsgaközpont-vezető </em></p>
<p>[/vc_column_text][/vc_column][/vc_row]</p>

<p>[vc_row css=&#8221;.vc_custom_1510748400939{padding-bottom: 65px !important;}&#8221;][vc_column][vc_column_text] Tisztelt Érdeklődők! Kedves Kollégák! A szakképzésről szóló 2019. évi LXXX. törvény 14 §-a (továbbiakban Szkt.) értelmében vizsgaközpontunk 2021. május 1-jén jött létre a Nagykanizsai Szakképzési Centrum szervezeti egységeként. Feladatait munkaszervezetének felállításával, az MSZ EN ISO/IEC 17024:2013 szabványban rögzített és a kapcsolódó normatív rendszer követelmények, az akkreditáló rendszerek sajátosságainak tanulmányozásával, a vonatkozó [&hellip;]</p>
