{"id":2367,"date":"2021-11-18T11:52:02","date_gmt":"2021-11-18T11:52:02","guid":{"rendered":"http:\/\/nszvk.hu\/?page_id=2367"},"modified":"2025-10-16T17:05:13","modified_gmt":"2025-10-16T17:05:13","slug":"szabalyzatok","status":"publish","type":"page","link":"http:\/\/nszvk.hu\/?page_id=2367","title":{"rendered":"Szab\u00e1lyzatok"},"content":{"rendered":"<p>[vc_row][vc_column width=&#8221;1\/6&#8243;][\/vc_column][vc_column width=&#8221;2\/3&#8243;][vc_column_text]<\/p>\n<h3 style=\"text-align: left;\">&#8211; Etikai szab\u00e1lyzat \u00e9s Etikai k\u00f3dex\u00a0\u00a0\u00a0<a href=\"http:\/\/nszvk.hu\/dokumentumok\/Etikai-szabalyzat-es-etikai-kodex.pdf\" target=\"_blank\" rel=\"noopener\">LET\u00d6LT\u00c9S<\/a><\/h3>\n<h3 style=\"text-align: left;\">&#8211; GDPR szab\u00e1lyzat\u00a0\u00a0\u00a0<a href=\"http:\/\/nszvk.hu\/dokumentumok\/GDPR-szabalyzat.pdf\" target=\"_blank\" rel=\"noopener\">LET\u00d6LT\u00c9S<\/a><\/h3>\n<h3 style=\"text-align: left;\">&#8211; Integrit\u00e1s szab\u00e1lyzat\u00a0\u00a0\u00a0<a href=\"http:\/\/nszvk.hu\/dokumentumok\/Integritas-szabalyzat.pdf\" target=\"_blank\" rel=\"noopener\">LET\u00d6LT\u00c9S<\/a><\/h3>\n<h3 style=\"text-align: left;\">&#8211; Panaszkezel\u00e9si \u00e9s jogorvoslati elj\u00e1r\u00e1srend\u00a0\u00a0\u00a0<a href=\"http:\/\/nszvk.hu\/dokumentumok\/Panaszkezelesi-es-jogorvoslati-eljarasrend.pdf\" target=\"_blank\" rel=\"noopener\">LET\u00d6LT\u00c9S<\/a><\/h3>\n<h3 style=\"text-align: left;\">&#8211; Szervezeti \u00e9s m\u0171k\u00f6d\u00e9si szab\u00e1lyzat\u00a0\u00a0\u00a0<a href=\"http:\/\/nszvk.hu\/dokumentumok\/Szervezeti-es-mukodesi-szabalyzat.pdf\" target=\"_blank\" rel=\"noopener\">LET\u00d6LT\u00c9S<\/a><\/h3>\n<h3 style=\"text-align: left;\">&#8211; Vizsga-, \u00e9s elj\u00e1r\u00e1si d\u00edjak szab\u00e1lyzata\u00a0\u00a0\u00a0<a href=\"http:\/\/nszvk.hu\/dokumentumok\/vizsga-es-eljarasi-dijak-szabalyzata.pdf\" target=\"_blank\" rel=\"noopener\">LET\u00d6LT\u00c9S<\/a><\/h3>\n<h3 style=\"text-align: left;\">&#8211; Vizsgaszab\u00e1lyzat\u00a0\u00a0\u00a0<a href=\"http:\/\/nszvk.hu\/dokumentumok\/Vizsgaszabalyzat.pdf\" target=\"_blank\" rel=\"noopener\">LET\u00d6LT\u00c9S<\/a><\/h3>\n<p>[\/vc_column_text][\/vc_column][vc_column width=&#8221;1\/6&#8243;][\/vc_column][\/vc_row]<\/p>\n","protected":false},"excerpt":{"rendered":"<p>[vc_row][vc_column width=&#8221;1\/6&#8243;][\/vc_column][vc_column width=&#8221;2\/3&#8243;][vc_column_text] &#8211; Etikai szab\u00e1lyzat \u00e9s Etikai k\u00f3dex\u00a0\u00a0\u00a0LET\u00d6LT\u00c9S &#8211; GDPR szab\u00e1lyzat\u00a0\u00a0\u00a0LET\u00d6LT\u00c9S &#8211; Integrit\u00e1s szab\u00e1lyzat\u00a0\u00a0\u00a0LET\u00d6LT\u00c9S &#8211; Panaszkezel\u00e9si \u00e9s jogorvoslati elj\u00e1r\u00e1srend\u00a0\u00a0\u00a0LET\u00d6LT\u00c9S &#8211; Szervezeti \u00e9s m\u0171k\u00f6d\u00e9si szab\u00e1lyzat\u00a0\u00a0\u00a0LET\u00d6LT\u00c9S &#8211; Vizsga-, \u00e9s elj\u00e1r\u00e1si d\u00edjak szab\u00e1lyzata\u00a0\u00a0\u00a0LET\u00d6LT\u00c9S &#8211; Vizsgaszab\u00e1lyzat\u00a0\u00a0\u00a0LET\u00d6LT\u00c9S [\/vc_column_text][\/vc_column][vc_column width=&#8221;1\/6&#8243;][\/vc_column][\/vc_row]<\/p>\n","protected":false},"author":1,"featured_media":0,"parent":0,"menu_order":0,"comment_status":"closed","ping_status":"closed","template":"","meta":[],"_links":{"self":[{"href":"http:\/\/nszvk.hu\/index.php?rest_route=\/wp\/v2\/pages\/2367"}],"collection":[{"href":"http:\/\/nszvk.hu\/index.php?rest_route=\/wp\/v2\/pages"}],"about":[{"href":"http:\/\/nszvk.hu\/index.php?rest_route=\/wp\/v2\/types\/page"}],"author":[{"embeddable":true,"href":"http:\/\/nszvk.hu\/index.php?rest_route=\/wp\/v2\/users\/1"}],"replies":[{"embeddable":true,"href":"http:\/\/nszvk.hu\/index.php?rest_route=%2Fwp%2Fv2%2Fcomments&post=2367"}],"version-history":[{"count":27,"href":"http:\/\/nszvk.hu\/index.php?rest_route=\/wp\/v2\/pages\/2367\/revisions"}],"predecessor-version":[{"id":4062,"href":"http:\/\/nszvk.hu\/index.php?rest_route=\/wp\/v2\/pages\/2367\/revisions\/4062"}],"wp:attachment":[{"href":"http:\/\/nszvk.hu\/index.php?rest_route=%2Fwp%2Fv2%2Fmedia&parent=2367"}],"curies":[{"name":"wp","href":"https:\/\/api.w.org\/{rel}","templated":true}]}}