{"id":52,"date":"2021-06-16T07:51:10","date_gmt":"2021-06-16T07:51:10","guid":{"rendered":"http:\/\/nszvk.hu\/index.php\/lp-become-a-teacher\/"},"modified":"2026-01-22T11:26:06","modified_gmt":"2026-01-22T11:26:06","slug":"lp-become-a-teacher","status":"publish","type":"page","link":"http:\/\/nszvk.hu\/?page_id=52","title":{"rendered":"M\u0171k\u00f6d\u00e9si politika"},"content":{"rendered":"<p>[vc_row][vc_column][vc_column_text]<\/p>\n<h2 style=\"text-align: center; margin-bottom: 60px;\">M\u0171k\u00f6d\u00e9si politika<\/h2>\n<p style=\"text-align: justify;\">A <strong>Nagykanizsai Szakmai Vizsgak\u00f6zpont<\/strong> \u00e1ltal alkalmazott tan\u00fas\u00edt\u00e1si rendszer, a dokument\u00e1lt strukt\u00far\u00e1k, ir\u00e1nyelvek \u00e9s elj\u00e1r\u00e1sok biztos\u00edtj\u00e1k a vizsg\u00e1ztat\u00e1si tev\u00e9kenys\u00e9gek p\u00e1rtatlans\u00e1g\u00e1t, a p\u00e1rtatlans\u00e1g kezel\u00e9s\u00e9t \u00e9s az \u00e9rdekelt felek kiegyens\u00falyozott bevon\u00e1s\u00e1val az \u00e9rdek\u00fctk\u00f6z\u00e9s kock\u00e1zat\u00e1nak cs\u00f6kkent\u00e9s\u00e9t.<\/p>\n<p style=\"text-align: justify;\">A vizsgak\u00f6zpont fels\u0151 vezet\u00e9se biztos\u00edtja, hogy a vizsg\u00e1ztat\u00e1ssal kapcsolatos ir\u00e1nyelvek \u00e9s elj\u00e1r\u00e1sok tisztess\u00e9gesek legyenek minden jelentkez\u0151, jel\u00f6lt \u00e9s vizsg\u00e1zott szem\u00e9ly eset\u00e9ben.<\/p>\n<p style=\"text-align: justify;\">A vizsgak\u00f6zpont fels\u0151 vezet\u00e9se biztos\u00edtja a teljes tan\u00fas\u00edt\u00e1si folyamat sor\u00e1n, a vizsg\u00e1val kapcsolatba ker\u00fclt munkat\u00e1rsak \u00e9s megb\u00edzott szem\u00e9lyek birtok\u00e1ba ker\u00fclt inform\u00e1ci\u00f3k bizalmas kezel\u00e9s\u00e9t, a vizsg\u00e1ztat\u00e1si folyamat alatti biztons\u00e1g fenntart\u00e1s\u00e1t \u00e9s a tisztess\u00e9gtelen, csal\u00e1son alapul\u00f3 vizsgam\u00f3dszerek megakad\u00e1lyoz\u00e1s\u00e1t.<\/p>\n<p style=\"text-align: justify;\">A vizsg\u00e1ztat\u00e1si tev\u00e9kenys\u00e9gben r\u00e9sztvev\u0151 munkat\u00e1rsak \u00e9s megb\u00edzott szem\u00e9lyek felk\u00e9sz\u00fclts\u00e9ge \u00e9s folyamatos k\u00e9pz\u00e9se biztos\u00edtja a jogszab\u00e1lyok, a kapcsol\u00f3d\u00f3 el\u0151\u00edr\u00e1sok \u00e9s a j\u00f3v\u00e1hagyott elj\u00e1r\u00e1sok k\u00f6vetelm\u00e9nyeinek folyamatos \u00e9rv\u00e9nyes\u00edt\u00e9s\u00e9t.<\/p>\n<p>&nbsp;<\/p>\n<p style=\"text-align: right;\">Nagykanizsa, 2025. janu\u00e1r 1.<\/p>\n<p style=\"text-align: right;\"><strong><em>Dr. Moln\u00e1r Zolt\u00e1n<br \/>\n<\/em><\/strong><strong><em>vizsgak\u00f6zpont-vezet\u0151<\/em><\/strong><\/p>\n<p>[\/vc_column_text][\/vc_column][\/vc_row]<\/p>\n","protected":false},"excerpt":{"rendered":"<p>[vc_row][vc_column][vc_column_text] M\u0171k\u00f6d\u00e9si politika A Nagykanizsai Szakmai Vizsgak\u00f6zpont \u00e1ltal alkalmazott tan\u00fas\u00edt\u00e1si rendszer, a dokument\u00e1lt strukt\u00far\u00e1k, ir\u00e1nyelvek \u00e9s elj\u00e1r\u00e1sok biztos\u00edtj\u00e1k a vizsg\u00e1ztat\u00e1si tev\u00e9kenys\u00e9gek p\u00e1rtatlans\u00e1g\u00e1t, a p\u00e1rtatlans\u00e1g kezel\u00e9s\u00e9t \u00e9s az \u00e9rdekelt felek kiegyens\u00falyozott bevon\u00e1s\u00e1val az \u00e9rdek\u00fctk\u00f6z\u00e9s kock\u00e1zat\u00e1nak cs\u00f6kkent\u00e9s\u00e9t. A vizsgak\u00f6zpont fels\u0151 vezet\u00e9se biztos\u00edtja, hogy a vizsg\u00e1ztat\u00e1ssal kapcsolatos ir\u00e1nyelvek \u00e9s elj\u00e1r\u00e1sok tisztess\u00e9gesek legyenek minden jelentkez\u0151, jel\u00f6lt \u00e9s vizsg\u00e1zott szem\u00e9ly [&hellip;]<\/p>\n","protected":false},"author":1,"featured_media":0,"parent":0,"menu_order":0,"comment_status":"closed","ping_status":"closed","template":"","meta":[],"_links":{"self":[{"href":"http:\/\/nszvk.hu\/index.php?rest_route=\/wp\/v2\/pages\/52"}],"collection":[{"href":"http:\/\/nszvk.hu\/index.php?rest_route=\/wp\/v2\/pages"}],"about":[{"href":"http:\/\/nszvk.hu\/index.php?rest_route=\/wp\/v2\/types\/page"}],"author":[{"embeddable":true,"href":"http:\/\/nszvk.hu\/index.php?rest_route=\/wp\/v2\/users\/1"}],"replies":[{"embeddable":true,"href":"http:\/\/nszvk.hu\/index.php?rest_route=%2Fwp%2Fv2%2Fcomments&post=52"}],"version-history":[{"count":10,"href":"http:\/\/nszvk.hu\/index.php?rest_route=\/wp\/v2\/pages\/52\/revisions"}],"predecessor-version":[{"id":4158,"href":"http:\/\/nszvk.hu\/index.php?rest_route=\/wp\/v2\/pages\/52\/revisions\/4158"}],"wp:attachment":[{"href":"http:\/\/nszvk.hu\/index.php?rest_route=%2Fwp%2Fv2%2Fmedia&parent=52"}],"curies":[{"name":"wp","href":"https:\/\/api.w.org\/{rel}","templated":true}]}}